{"id":505,"date":"2022-11-08T20:18:42","date_gmt":"2022-11-08T19:18:42","guid":{"rendered":"https:\/\/ktitechnikagrzewcza.com\/?page_id=505"},"modified":"2022-11-08T20:38:53","modified_gmt":"2022-11-08T19:38:53","slug":"uzdatniacze-wody-2","status":"publish","type":"page","link":"https:\/\/ktitechnikagrzewcza.com\/?page_id=505","title":{"rendered":"Uzdatniacze wody"},"content":{"rendered":"\t\t<div data-elementor-type=\"wp-page\" data-elementor-id=\"505\" class=\"elementor elementor-505\">\n\t\t\t\t\t\t<section class=\"elementor-section elementor-top-section elementor-element elementor-element-797afad elementor-section-content-middle elementor-section-boxed elementor-section-height-default elementor-section-height-default\" data-id=\"797afad\" data-element_type=\"section\" data-settings=\"{&quot;background_background&quot;:&quot;classic&quot;,&quot;shape_divider_top&quot;:&quot;mountains&quot;}\">\n\t\t\t\t\t\t\t<div class=\"elementor-background-overlay\"><\/div>\n\t\t\t\t\t\t<div class=\"elementor-shape elementor-shape-top\" data-negative=\"false\">\n\t\t\t<svg xmlns=\"http:\/\/www.w3.org\/2000\/svg\" viewBox=\"0 0 1000 100\" preserveAspectRatio=\"none\">\n\t<path class=\"elementor-shape-fill\" opacity=\"0.33\" d=\"M473,67.3c-203.9,88.3-263.1-34-320.3,0C66,119.1,0,59.7,0,59.7V0h1000v59.7 c0,0-62.1,26.1-94.9,29.3c-32.8,3.3-62.8-12.3-75.8-22.1C806,49.6,745.3,8.7,694.9,4.7S492.4,59,473,67.3z\"\/>\n\t<path class=\"elementor-shape-fill\" opacity=\"0.66\" d=\"M734,67.3c-45.5,0-77.2-23.2-129.1-39.1c-28.6-8.7-150.3-10.1-254,39.1 s-91.7-34.4-149.2,0C115.7,118.3,0,39.8,0,39.8V0h1000v36.5c0,0-28.2-18.5-92.1-18.5C810.2,18.1,775.7,67.3,734,67.3z\"\/>\n\t<path class=\"elementor-shape-fill\" d=\"M766.1,28.9c-200-57.5-266,65.5-395.1,19.5C242,1.8,242,5.4,184.8,20.6C128,35.8,132.3,44.9,89.9,52.5C28.6,63.7,0,0,0,0 h1000c0,0-9.9,40.9-83.6,48.1S829.6,47,766.1,28.9z\"\/>\n<\/svg>\t\t<\/div>\n\t\t\t\t\t<div class=\"elementor-container elementor-column-gap-no\">\n\t\t\t\t\t<div class=\"elementor-column elementor-col-50 elementor-top-column elementor-element elementor-element-97e38f1\" data-id=\"97e38f1\" data-element_type=\"column\" data-settings=\"{&quot;background_background&quot;:&quot;classic&quot;}\">\n\t\t\t<div class=\"elementor-widget-wrap elementor-element-populated\">\n\t\t\t\t\t\t<section class=\"elementor-section elementor-inner-section elementor-element elementor-element-4bfd0d4 elementor-section-full_width elementor-section-height-default elementor-section-height-default\" data-id=\"4bfd0d4\" data-element_type=\"section\">\n\t\t\t\t\t\t<div class=\"elementor-container elementor-column-gap-no\">\n\t\t\t\t\t<div class=\"elementor-column elementor-col-100 elementor-inner-column elementor-element elementor-element-da7ba20\" data-id=\"da7ba20\" data-element_type=\"column\">\n\t\t\t<div class=\"elementor-widget-wrap elementor-element-populated\">\n\t\t\t\t\t\t<div class=\"elementor-element elementor-element-c5e9fea elementor-widget elementor-widget-image\" data-id=\"c5e9fea\" data-element_type=\"widget\" data-widget_type=\"image.default\">\n\t\t\t\t<div class=\"elementor-widget-container\">\n\t\t\t\t\t\t\t\t\t\t\t\t\t<img fetchpriority=\"high\" decoding=\"async\" width=\"580\" height=\"406\" src=\"https:\/\/ktitechnikagrzewcza.com\/wp-content\/uploads\/2022\/11\/wt1-1024x716-1-768x537.png\" class=\"attachment-medium_large size-medium_large wp-image-508\" alt=\"\" srcset=\"https:\/\/ktitechnikagrzewcza.com\/wp-content\/uploads\/2022\/11\/wt1-1024x716-1-768x537.png 768w, https:\/\/ktitechnikagrzewcza.com\/wp-content\/uploads\/2022\/11\/wt1-1024x716-1-300x210.png 300w, https:\/\/ktitechnikagrzewcza.com\/wp-content\/uploads\/2022\/11\/wt1-1024x716-1-1000x699.png 1000w, https:\/\/ktitechnikagrzewcza.com\/wp-content\/uploads\/2022\/11\/wt1-1024x716-1-230x161.png 230w, https:\/\/ktitechnikagrzewcza.com\/wp-content\/uploads\/2022\/11\/wt1-1024x716-1-350x245.png 350w, https:\/\/ktitechnikagrzewcza.com\/wp-content\/uploads\/2022\/11\/wt1-1024x716-1-480x336.png 480w, https:\/\/ktitechnikagrzewcza.com\/wp-content\/uploads\/2022\/11\/wt1-1024x716-1.png 1024w\" sizes=\"(max-width: 580px) 100vw, 580px\" \/>\t\t\t\t\t\t\t\t\t\t\t\t\t<\/div>\n\t\t\t\t<\/div>\n\t\t\t\t\t<\/div>\n\t\t<\/div>\n\t\t\t\t\t<\/div>\n\t\t<\/section>\n\t\t\t\t\t<\/div>\n\t\t<\/div>\n\t\t\t\t<div class=\"elementor-column elementor-col-50 elementor-top-column elementor-element elementor-element-7c7eecc\" data-id=\"7c7eecc\" data-element_type=\"column\" data-settings=\"{&quot;background_background&quot;:&quot;classic&quot;}\">\n\t\t\t<div class=\"elementor-widget-wrap elementor-element-populated\">\n\t\t\t\t\t\t<div class=\"elementor-element elementor-element-1f979b4 elementor-widget-divider--view-line elementor-widget elementor-widget-divider\" data-id=\"1f979b4\" data-element_type=\"widget\" data-widget_type=\"divider.default\">\n\t\t\t\t<div class=\"elementor-widget-container\">\n\t\t\t\t\t<div class=\"elementor-divider\">\n\t\t\t<span class=\"elementor-divider-separator\">\n\t\t\t\t\t\t<\/span>\n\t\t<\/div>\n\t\t\t\t<\/div>\n\t\t\t\t<\/div>\n\t\t\t\t<section class=\"elementor-section elementor-inner-section elementor-element elementor-element-ceb7815 elementor-section-content-middle elementor-section-boxed elementor-section-height-default elementor-section-height-default\" data-id=\"ceb7815\" data-element_type=\"section\">\n\t\t\t\t\t\t<div class=\"elementor-container elementor-column-gap-default\">\n\t\t\t\t\t<div class=\"elementor-column elementor-col-100 elementor-inner-column elementor-element elementor-element-51c2fd0\" data-id=\"51c2fd0\" data-element_type=\"column\">\n\t\t\t<div class=\"elementor-widget-wrap elementor-element-populated\">\n\t\t\t\t\t\t<div class=\"elementor-element elementor-element-4cfc19a envato-kit-138-bracket elementor-invisible elementor-widget elementor-widget-heading\" data-id=\"4cfc19a\" data-element_type=\"widget\" data-settings=\"{&quot;_animation&quot;:&quot;fadeInLeft&quot;}\" data-widget_type=\"heading.default\">\n\t\t\t\t<div class=\"elementor-widget-container\">\n\t\t\t<h3 class=\"elementor-heading-title elementor-size-default\">Uzdatniacze wody<\/h3>\t\t<\/div>\n\t\t\t\t<\/div>\n\t\t\t\t\t<\/div>\n\t\t<\/div>\n\t\t\t\t\t<\/div>\n\t\t<\/section>\n\t\t\t\t<div class=\"elementor-element elementor-element-329d465 elementor-widget elementor-widget-spacer\" data-id=\"329d465\" data-element_type=\"widget\" data-widget_type=\"spacer.default\">\n\t\t\t\t<div class=\"elementor-widget-container\">\n\t\t\t\t\t<div class=\"elementor-spacer\">\n\t\t\t<div class=\"elementor-spacer-inner\"><\/div>\n\t\t<\/div>\n\t\t\t\t<\/div>\n\t\t\t\t<\/div>\n\t\t\t\t<div class=\"elementor-element elementor-element-e25f3f3 elementor-widget elementor-widget-text-editor\" data-id=\"e25f3f3\" data-element_type=\"widget\" data-widget_type=\"text-editor.default\">\n\t\t\t\t<div class=\"elementor-widget-container\">\n\t\t\t\t\t\t\t<p style=\"text-align: left;\">Kolejn\u0105 us\u0142ug\u0105 jak\u0105 \u015bwiadczy nasza firma jest pomoc w doborze, instalacja i konfiguracja uzatniaczy wody. Nasz zesp\u00f3\u0142 sprawi \u017ce ju\u017c nie b\u0119dziesz musia\u0142 si\u0119 martwi\u0107 o czysto\u015b\u0107 i jako\u015b\u0107 twojej wody u\u017cytkowej. Natomiast dzi\u0119ki przekazaniu instrukcji i przeszkoleniu, b\u0119dziesz w stanie sam eksploatowa\u0107 sw\u00f3j uzdatniacz.<\/p>\t\t\t\t\t\t<\/div>\n\t\t\t\t<\/div>\n\t\t\t\t<div class=\"elementor-element elementor-element-ac730af elementor-tablet-align-center elementor-align-center elementor-invisible elementor-widget elementor-widget-button\" data-id=\"ac730af\" data-element_type=\"widget\" data-settings=\"{&quot;_animation&quot;:&quot;fadeInRight&quot;}\" data-widget_type=\"button.default\">\n\t\t\t\t<div class=\"elementor-widget-container\">\n\t\t\t\t\t<div class=\"elementor-button-wrapper\">\n\t\t\t<a class=\"elementor-button elementor-button-link elementor-size-md\" href=\"https:\/\/ktitechnikagrzewcza.com\/?page_id=42\">\n\t\t\t\t\t\t<span class=\"elementor-button-content-wrapper\">\n\t\t\t\t\t\t\t\t\t<span class=\"elementor-button-text\">Czym jest uzdatniacz wody<\/span>\n\t\t\t\t\t<\/span>\n\t\t\t\t\t<\/a>\n\t\t<\/div>\n\t\t\t\t<\/div>\n\t\t\t\t<\/div>\n\t\t\t\t\t<\/div>\n\t\t<\/div>\n\t\t\t\t\t<\/div>\n\t\t<\/section>\n\t\t\t\t<\/div>\n\t\t","protected":false},"excerpt":{"rendered":"<p>Uzdatniacze wody Kolejn\u0105 us\u0142ug\u0105 jak\u0105 \u015bwiadczy nasza firma jest pomoc w doborze, instalacja i konfiguracja uzatniaczy wody. Nasz zesp\u00f3\u0142 sprawi \u017ce ju\u017c nie b\u0119dziesz musia\u0142 si\u0119 martwi\u0107 o czysto\u015b\u0107 i jako\u015b\u0107 twojej wody u\u017cytkowej. Natomiast dzi\u0119ki przekazaniu instrukcji i przeszkoleniu, b\u0119dziesz w stanie sam eksploatowa\u0107 sw\u00f3j uzdatniacz. Czym jest uzdatniacz wody<\/p>\n","protected":false},"author":1,"featured_media":0,"parent":0,"menu_order":0,"comment_status":"closed","ping_status":"closed","template":"elementor_header_footer","meta":{"footnotes":""},"class_list":["post-505","page","type-page","status-publish","hentry"],"yoast_head":"<!-- This site is optimized with the Yoast SEO Premium plugin v19.2 (Yoast SEO v23.4) - https:\/\/yoast.com\/wordpress\/plugins\/seo\/ -->\n<title>Uzdatniacze wody - KTI<\/title>\n<meta name=\"robots\" content=\"index, follow, max-snippet:-1, max-image-preview:large, max-video-preview:-1\" \/>\n<link rel=\"canonical\" href=\"https:\/\/ktitechnikagrzewcza.com\/?page_id=505\" \/>\n<meta property=\"og:locale\" content=\"pl_PL\" \/>\n<meta property=\"og:type\" content=\"article\" \/>\n<meta property=\"og:title\" content=\"Uzdatniacze wody\" \/>\n<meta property=\"og:description\" content=\"Uzdatniacze wody Kolejn\u0105 us\u0142ug\u0105 jak\u0105 \u015bwiadczy nasza firma jest pomoc w doborze, instalacja i konfiguracja uzatniaczy wody. Nasz zesp\u00f3\u0142 sprawi \u017ce ju\u017c nie b\u0119dziesz musia\u0142 si\u0119 martwi\u0107 o czysto\u015b\u0107 i jako\u015b\u0107 twojej wody u\u017cytkowej. Natomiast dzi\u0119ki przekazaniu instrukcji i przeszkoleniu, b\u0119dziesz w stanie sam eksploatowa\u0107 sw\u00f3j uzdatniacz. Czym jest uzdatniacz wody\" \/>\n<meta property=\"og:url\" content=\"https:\/\/ktitechnikagrzewcza.com\/?page_id=505\" \/>\n<meta property=\"og:site_name\" content=\"KTI\" \/>\n<meta property=\"article:publisher\" content=\"http:\/\/www.facebook.com\/KTITechnikaGrzewcza\" \/>\n<meta property=\"article:modified_time\" content=\"2022-11-08T19:38:53+00:00\" \/>\n<meta property=\"og:image\" content=\"https:\/\/ktitechnikagrzewcza.com\/wp-content\/uploads\/2022\/11\/wt1-1024x716-1-768x537.png\" \/>\n<meta name=\"twitter:card\" content=\"summary_large_image\" \/>\n<script type=\"application\/ld+json\" class=\"yoast-schema-graph\">{\"@context\":\"https:\/\/schema.org\",\"@graph\":[{\"@type\":\"WebPage\",\"@id\":\"https:\/\/ktitechnikagrzewcza.com\/?page_id=505\",\"url\":\"https:\/\/ktitechnikagrzewcza.com\/?page_id=505\",\"name\":\"Uzdatniacze wody - KTI\",\"isPartOf\":{\"@id\":\"https:\/\/ktitechnikagrzewcza.com\/#website\"},\"primaryImageOfPage\":{\"@id\":\"https:\/\/ktitechnikagrzewcza.com\/?page_id=505#primaryimage\"},\"image\":{\"@id\":\"https:\/\/ktitechnikagrzewcza.com\/?page_id=505#primaryimage\"},\"thumbnailUrl\":\"https:\/\/ktitechnikagrzewcza.com\/wp-content\/uploads\/2022\/11\/wt1-1024x716-1-768x537.png\",\"datePublished\":\"2022-11-08T19:18:42+00:00\",\"dateModified\":\"2022-11-08T19:38:53+00:00\",\"breadcrumb\":{\"@id\":\"https:\/\/ktitechnikagrzewcza.com\/?page_id=505#breadcrumb\"},\"inLanguage\":\"pl-PL\",\"potentialAction\":[{\"@type\":\"ReadAction\",\"target\":[\"https:\/\/ktitechnikagrzewcza.com\/?page_id=505\"]}]},{\"@type\":\"ImageObject\",\"inLanguage\":\"pl-PL\",\"@id\":\"https:\/\/ktitechnikagrzewcza.com\/?page_id=505#primaryimage\",\"url\":\"https:\/\/ktitechnikagrzewcza.com\/wp-content\/uploads\/2022\/11\/wt1-1024x716-1.png\",\"contentUrl\":\"https:\/\/ktitechnikagrzewcza.com\/wp-content\/uploads\/2022\/11\/wt1-1024x716-1.png\",\"width\":1024,\"height\":716},{\"@type\":\"BreadcrumbList\",\"@id\":\"https:\/\/ktitechnikagrzewcza.com\/?page_id=505#breadcrumb\",\"itemListElement\":[{\"@type\":\"ListItem\",\"position\":1,\"name\":\"Strona g\u0142\u00f3wna\",\"item\":\"https:\/\/ktitechnikagrzewcza.com\/\"},{\"@type\":\"ListItem\",\"position\":2,\"name\":\"Uzdatniacze wody\"}]},{\"@type\":\"WebSite\",\"@id\":\"https:\/\/ktitechnikagrzewcza.com\/#website\",\"url\":\"https:\/\/ktitechnikagrzewcza.com\/\",\"name\":\"KTI\",\"description\":\"Technika Grzewcza\",\"publisher\":{\"@id\":\"https:\/\/ktitechnikagrzewcza.com\/#organization\"},\"potentialAction\":[{\"@type\":\"SearchAction\",\"target\":{\"@type\":\"EntryPoint\",\"urlTemplate\":\"https:\/\/ktitechnikagrzewcza.com\/?s={search_term_string}\"},\"query-input\":{\"@type\":\"PropertyValueSpecification\",\"valueRequired\":true,\"valueName\":\"search_term_string\"}}],\"inLanguage\":\"pl-PL\"},{\"@type\":\"Organization\",\"@id\":\"https:\/\/ktitechnikagrzewcza.com\/#organization\",\"name\":\"KTI Technika Grzewcza\",\"url\":\"https:\/\/ktitechnikagrzewcza.com\/\",\"logo\":{\"@type\":\"ImageObject\",\"inLanguage\":\"pl-PL\",\"@id\":\"https:\/\/ktitechnikagrzewcza.com\/#\/schema\/logo\/image\/\",\"url\":\"https:\/\/ktitechnikagrzewcza.com\/wp-content\/uploads\/2022\/10\/logo1.jpg\",\"contentUrl\":\"https:\/\/ktitechnikagrzewcza.com\/wp-content\/uploads\/2022\/10\/logo1.jpg\",\"width\":1896,\"height\":800,\"caption\":\"KTI Technika Grzewcza\"},\"image\":{\"@id\":\"https:\/\/ktitechnikagrzewcza.com\/#\/schema\/logo\/image\/\"},\"sameAs\":[\"http:\/\/www.facebook.com\/KTITechnikaGrzewcza\"]}]}<\/script>\n<!-- \/ Yoast SEO Premium plugin. -->","yoast_head_json":{"title":"Uzdatniacze wody - KTI","robots":{"index":"index","follow":"follow","max-snippet":"max-snippet:-1","max-image-preview":"max-image-preview:large","max-video-preview":"max-video-preview:-1"},"canonical":"https:\/\/ktitechnikagrzewcza.com\/?page_id=505","og_locale":"pl_PL","og_type":"article","og_title":"Uzdatniacze wody","og_description":"Uzdatniacze wody Kolejn\u0105 us\u0142ug\u0105 jak\u0105 \u015bwiadczy nasza firma jest pomoc w doborze, instalacja i konfiguracja uzatniaczy wody. Nasz zesp\u00f3\u0142 sprawi \u017ce ju\u017c nie b\u0119dziesz musia\u0142 si\u0119 martwi\u0107 o czysto\u015b\u0107 i jako\u015b\u0107 twojej wody u\u017cytkowej. Natomiast dzi\u0119ki przekazaniu instrukcji i przeszkoleniu, b\u0119dziesz w stanie sam eksploatowa\u0107 sw\u00f3j uzdatniacz. Czym jest uzdatniacz wody","og_url":"https:\/\/ktitechnikagrzewcza.com\/?page_id=505","og_site_name":"KTI","article_publisher":"http:\/\/www.facebook.com\/KTITechnikaGrzewcza","article_modified_time":"2022-11-08T19:38:53+00:00","og_image":[{"url":"https:\/\/ktitechnikagrzewcza.com\/wp-content\/uploads\/2022\/11\/wt1-1024x716-1-768x537.png"}],"twitter_card":"summary_large_image","schema":{"@context":"https:\/\/schema.org","@graph":[{"@type":"WebPage","@id":"https:\/\/ktitechnikagrzewcza.com\/?page_id=505","url":"https:\/\/ktitechnikagrzewcza.com\/?page_id=505","name":"Uzdatniacze wody - KTI","isPartOf":{"@id":"https:\/\/ktitechnikagrzewcza.com\/#website"},"primaryImageOfPage":{"@id":"https:\/\/ktitechnikagrzewcza.com\/?page_id=505#primaryimage"},"image":{"@id":"https:\/\/ktitechnikagrzewcza.com\/?page_id=505#primaryimage"},"thumbnailUrl":"https:\/\/ktitechnikagrzewcza.com\/wp-content\/uploads\/2022\/11\/wt1-1024x716-1-768x537.png","datePublished":"2022-11-08T19:18:42+00:00","dateModified":"2022-11-08T19:38:53+00:00","breadcrumb":{"@id":"https:\/\/ktitechnikagrzewcza.com\/?page_id=505#breadcrumb"},"inLanguage":"pl-PL","potentialAction":[{"@type":"ReadAction","target":["https:\/\/ktitechnikagrzewcza.com\/?page_id=505"]}]},{"@type":"ImageObject","inLanguage":"pl-PL","@id":"https:\/\/ktitechnikagrzewcza.com\/?page_id=505#primaryimage","url":"https:\/\/ktitechnikagrzewcza.com\/wp-content\/uploads\/2022\/11\/wt1-1024x716-1.png","contentUrl":"https:\/\/ktitechnikagrzewcza.com\/wp-content\/uploads\/2022\/11\/wt1-1024x716-1.png","width":1024,"height":716},{"@type":"BreadcrumbList","@id":"https:\/\/ktitechnikagrzewcza.com\/?page_id=505#breadcrumb","itemListElement":[{"@type":"ListItem","position":1,"name":"Strona g\u0142\u00f3wna","item":"https:\/\/ktitechnikagrzewcza.com\/"},{"@type":"ListItem","position":2,"name":"Uzdatniacze wody"}]},{"@type":"WebSite","@id":"https:\/\/ktitechnikagrzewcza.com\/#website","url":"https:\/\/ktitechnikagrzewcza.com\/","name":"KTI","description":"Technika Grzewcza","publisher":{"@id":"https:\/\/ktitechnikagrzewcza.com\/#organization"},"potentialAction":[{"@type":"SearchAction","target":{"@type":"EntryPoint","urlTemplate":"https:\/\/ktitechnikagrzewcza.com\/?s={search_term_string}"},"query-input":{"@type":"PropertyValueSpecification","valueRequired":true,"valueName":"search_term_string"}}],"inLanguage":"pl-PL"},{"@type":"Organization","@id":"https:\/\/ktitechnikagrzewcza.com\/#organization","name":"KTI Technika Grzewcza","url":"https:\/\/ktitechnikagrzewcza.com\/","logo":{"@type":"ImageObject","inLanguage":"pl-PL","@id":"https:\/\/ktitechnikagrzewcza.com\/#\/schema\/logo\/image\/","url":"https:\/\/ktitechnikagrzewcza.com\/wp-content\/uploads\/2022\/10\/logo1.jpg","contentUrl":"https:\/\/ktitechnikagrzewcza.com\/wp-content\/uploads\/2022\/10\/logo1.jpg","width":1896,"height":800,"caption":"KTI Technika Grzewcza"},"image":{"@id":"https:\/\/ktitechnikagrzewcza.com\/#\/schema\/logo\/image\/"},"sameAs":["http:\/\/www.facebook.com\/KTITechnikaGrzewcza"]}]}},"_links":{"self":[{"href":"https:\/\/ktitechnikagrzewcza.com\/index.php?rest_route=\/wp\/v2\/pages\/505","targetHints":{"allow":["GET"]}}],"collection":[{"href":"https:\/\/ktitechnikagrzewcza.com\/index.php?rest_route=\/wp\/v2\/pages"}],"about":[{"href":"https:\/\/ktitechnikagrzewcza.com\/index.php?rest_route=\/wp\/v2\/types\/page"}],"author":[{"embeddable":true,"href":"https:\/\/ktitechnikagrzewcza.com\/index.php?rest_route=\/wp\/v2\/users\/1"}],"replies":[{"embeddable":true,"href":"https:\/\/ktitechnikagrzewcza.com\/index.php?rest_route=%2Fwp%2Fv2%2Fcomments&post=505"}],"version-history":[{"count":10,"href":"https:\/\/ktitechnikagrzewcza.com\/index.php?rest_route=\/wp\/v2\/pages\/505\/revisions"}],"predecessor-version":[{"id":534,"href":"https:\/\/ktitechnikagrzewcza.com\/index.php?rest_route=\/wp\/v2\/pages\/505\/revisions\/534"}],"wp:attachment":[{"href":"https:\/\/ktitechnikagrzewcza.com\/index.php?rest_route=%2Fwp%2Fv2%2Fmedia&parent=505"}],"curies":[{"name":"wp","href":"https:\/\/api.w.org\/{rel}","templated":true}]}}