{"id":40,"date":"2022-10-29T21:46:50","date_gmt":"2022-10-29T19:46:50","guid":{"rendered":"http:\/\/ktitechnikagrzewcza.com\/?page_id=40"},"modified":"2022-11-08T20:32:22","modified_gmt":"2022-11-08T19:32:22","slug":"kotly","status":"publish","type":"page","link":"https:\/\/ktitechnikagrzewcza.com\/?page_id=40","title":{"rendered":"KOT\u0141Y ZGAZOWUJA\u0328CE DREWNO"},"content":{"rendered":"\t\t<div data-elementor-type=\"wp-page\" data-elementor-id=\"40\" class=\"elementor elementor-40\">\n\t\t\t\t\t\t<section class=\"elementor-section elementor-top-section elementor-element elementor-element-2ed57921 elementor-section-content-middle elementor-section-boxed elementor-section-height-default elementor-section-height-default\" data-id=\"2ed57921\" data-element_type=\"section\" data-settings=\"{&quot;background_background&quot;:&quot;classic&quot;,&quot;shape_divider_top&quot;:&quot;mountains&quot;,&quot;shape_divider_bottom&quot;:&quot;mountains&quot;}\">\n\t\t\t\t\t\t\t<div class=\"elementor-background-overlay\"><\/div>\n\t\t\t\t\t\t<div class=\"elementor-shape elementor-shape-top\" data-negative=\"false\">\n\t\t\t<svg xmlns=\"http:\/\/www.w3.org\/2000\/svg\" viewBox=\"0 0 1000 100\" preserveAspectRatio=\"none\">\n\t<path class=\"elementor-shape-fill\" opacity=\"0.33\" d=\"M473,67.3c-203.9,88.3-263.1-34-320.3,0C66,119.1,0,59.7,0,59.7V0h1000v59.7 c0,0-62.1,26.1-94.9,29.3c-32.8,3.3-62.8-12.3-75.8-22.1C806,49.6,745.3,8.7,694.9,4.7S492.4,59,473,67.3z\"\/>\n\t<path class=\"elementor-shape-fill\" opacity=\"0.66\" d=\"M734,67.3c-45.5,0-77.2-23.2-129.1-39.1c-28.6-8.7-150.3-10.1-254,39.1 s-91.7-34.4-149.2,0C115.7,118.3,0,39.8,0,39.8V0h1000v36.5c0,0-28.2-18.5-92.1-18.5C810.2,18.1,775.7,67.3,734,67.3z\"\/>\n\t<path class=\"elementor-shape-fill\" d=\"M766.1,28.9c-200-57.5-266,65.5-395.1,19.5C242,1.8,242,5.4,184.8,20.6C128,35.8,132.3,44.9,89.9,52.5C28.6,63.7,0,0,0,0 h1000c0,0-9.9,40.9-83.6,48.1S829.6,47,766.1,28.9z\"\/>\n<\/svg>\t\t<\/div>\n\t\t\t\t<div class=\"elementor-shape elementor-shape-bottom\" data-negative=\"false\">\n\t\t\t<svg xmlns=\"http:\/\/www.w3.org\/2000\/svg\" viewBox=\"0 0 1000 100\" preserveAspectRatio=\"none\">\n\t<path class=\"elementor-shape-fill\" opacity=\"0.33\" d=\"M473,67.3c-203.9,88.3-263.1-34-320.3,0C66,119.1,0,59.7,0,59.7V0h1000v59.7 c0,0-62.1,26.1-94.9,29.3c-32.8,3.3-62.8-12.3-75.8-22.1C806,49.6,745.3,8.7,694.9,4.7S492.4,59,473,67.3z\"\/>\n\t<path class=\"elementor-shape-fill\" opacity=\"0.66\" d=\"M734,67.3c-45.5,0-77.2-23.2-129.1-39.1c-28.6-8.7-150.3-10.1-254,39.1 s-91.7-34.4-149.2,0C115.7,118.3,0,39.8,0,39.8V0h1000v36.5c0,0-28.2-18.5-92.1-18.5C810.2,18.1,775.7,67.3,734,67.3z\"\/>\n\t<path class=\"elementor-shape-fill\" d=\"M766.1,28.9c-200-57.5-266,65.5-395.1,19.5C242,1.8,242,5.4,184.8,20.6C128,35.8,132.3,44.9,89.9,52.5C28.6,63.7,0,0,0,0 h1000c0,0-9.9,40.9-83.6,48.1S829.6,47,766.1,28.9z\"\/>\n<\/svg>\t\t<\/div>\n\t\t\t\t\t<div class=\"elementor-container elementor-column-gap-no\">\n\t\t\t\t\t<div class=\"elementor-column elementor-col-50 elementor-top-column elementor-element elementor-element-17998ed5\" data-id=\"17998ed5\" data-element_type=\"column\" data-settings=\"{&quot;background_background&quot;:&quot;classic&quot;}\">\n\t\t\t<div class=\"elementor-widget-wrap elementor-element-populated\">\n\t\t\t\t\t\t<div class=\"elementor-element elementor-element-08789b3 elementor-widget elementor-widget-image\" data-id=\"08789b3\" data-element_type=\"widget\" data-widget_type=\"image.default\">\n\t\t\t\t<div class=\"elementor-widget-container\">\n\t\t\t\t\t\t\t\t\t\t\t\t\t<img fetchpriority=\"high\" decoding=\"async\" width=\"580\" height=\"464\" src=\"https:\/\/ktitechnikagrzewcza.com\/wp-content\/uploads\/2022\/11\/Screen-Shot-11-08-22-at-01.15-PM.png\" class=\"attachment-large size-large wp-image-449\" alt=\"\" srcset=\"https:\/\/ktitechnikagrzewcza.com\/wp-content\/uploads\/2022\/11\/Screen-Shot-11-08-22-at-01.15-PM.png 974w, https:\/\/ktitechnikagrzewcza.com\/wp-content\/uploads\/2022\/11\/Screen-Shot-11-08-22-at-01.15-PM-300x240.png 300w, https:\/\/ktitechnikagrzewcza.com\/wp-content\/uploads\/2022\/11\/Screen-Shot-11-08-22-at-01.15-PM-768x615.png 768w, https:\/\/ktitechnikagrzewcza.com\/wp-content\/uploads\/2022\/11\/Screen-Shot-11-08-22-at-01.15-PM-230x184.png 230w, https:\/\/ktitechnikagrzewcza.com\/wp-content\/uploads\/2022\/11\/Screen-Shot-11-08-22-at-01.15-PM-350x280.png 350w, https:\/\/ktitechnikagrzewcza.com\/wp-content\/uploads\/2022\/11\/Screen-Shot-11-08-22-at-01.15-PM-480x384.png 480w\" sizes=\"(max-width: 580px) 100vw, 580px\" \/>\t\t\t\t\t\t\t\t\t\t\t\t\t<\/div>\n\t\t\t\t<\/div>\n\t\t\t\t\t<\/div>\n\t\t<\/div>\n\t\t\t\t<div class=\"elementor-column elementor-col-50 elementor-top-column elementor-element elementor-element-1d20dd5c\" data-id=\"1d20dd5c\" data-element_type=\"column\" data-settings=\"{&quot;background_background&quot;:&quot;classic&quot;}\">\n\t\t\t<div class=\"elementor-widget-wrap elementor-element-populated\">\n\t\t\t\t\t\t<div class=\"elementor-element elementor-element-41a341b envato-kit-138-bracket elementor-invisible elementor-widget elementor-widget-heading\" data-id=\"41a341b\" data-element_type=\"widget\" data-settings=\"{&quot;_animation&quot;:&quot;fadeInLeft&quot;}\" data-widget_type=\"heading.default\">\n\t\t\t\t<div class=\"elementor-widget-container\">\n\t\t\t<h3 class=\"elementor-heading-title elementor-size-default\">KOT\u0141Y ZGAZOWUJA\u0328CE DREWNO<\/h3>\t\t<\/div>\n\t\t\t\t<\/div>\n\t\t\t\t<div class=\"elementor-element elementor-element-4309c2e9 elementor-widget elementor-widget-text-editor\" data-id=\"4309c2e9\" data-element_type=\"widget\" data-widget_type=\"text-editor.default\">\n\t\t\t\t<div class=\"elementor-widget-container\">\n\t\t\t\t\t\t\t<p style=\"text-align: left;\">Jedn\u0105 z ofert jakie posiadamy jest pod\u0142\u0105czanie i konfiguracja kot\u0142\u00f3w zagazowuj\u0105cych drewno \u00a0oraz osprz\u0119tu, kt\u00f3ry pozwala by\u0107 \u015bwiadomym ekologicznie i samowystarczalnym. Nasz do\u015bwiadczony zesp\u00f3\u0142 pomo\u017ce Ci w ustaleniu jaki kocio\u0142 b\u0119dzie dla Twojego domu najlepszy. Pomo\u017cemy r\u00f3wnie\u017c w spe\u0142nieniu wszystkich wymaga\u0144 konserwacyjnych i dostarczymy instrukcje korzystania z systemu po jego zainstalowaniu.<\/p><p style=\"text-align: left;\">W kot\u0142ach zagazowuj\u0105cych drewno staramy si\u0119 zapewni\u0107 naszym klientom bezproblemowe do\u015bwiadczenie. Nasz zesp\u00f3\u0142 dok\u0142ada wszelkich stara\u0144, aby Tw\u00f3j system zgazowania drewna dzia\u0142a\u0142 prawid\u0142owo, a Ty b\u0119dziesz z niego zadowolony przez ca\u0142y okres jego eksploatacji.<\/p><p style=\"text-align: left;\">W ofercie naszej firmy posiadamy kot\u0142y zgazowuj\u0105ce drewno takich firm jak Setlans, Atmos, Cichewicz.<\/p>\t\t\t\t\t\t<\/div>\n\t\t\t\t<\/div>\n\t\t\t\t<div class=\"elementor-element elementor-element-26ecadb elementor-tablet-align-center elementor-align-center elementor-invisible elementor-widget elementor-widget-button\" data-id=\"26ecadb\" data-element_type=\"widget\" data-settings=\"{&quot;_animation&quot;:&quot;fadeInRight&quot;}\" data-widget_type=\"button.default\">\n\t\t\t\t<div class=\"elementor-widget-container\">\n\t\t\t\t\t<div class=\"elementor-button-wrapper\">\n\t\t\t<a class=\"elementor-button elementor-button-link elementor-size-md\" href=\"https:\/\/ktitechnikagrzewcza.com\/?page_id=30\">\n\t\t\t\t\t\t<span class=\"elementor-button-content-wrapper\">\n\t\t\t\t\t\t\t\t\t<span class=\"elementor-button-text\">Jak dzia\u0142aj\u0105 kot\u0142y<\/span>\n\t\t\t\t\t<\/span>\n\t\t\t\t\t<\/a>\n\t\t<\/div>\n\t\t\t\t<\/div>\n\t\t\t\t<\/div>\n\t\t\t\t\t<\/div>\n\t\t<\/div>\n\t\t\t\t\t<\/div>\n\t\t<\/section>\n\t\t\t\t<\/div>\n\t\t","protected":false},"excerpt":{"rendered":"<p>KOT\u0141Y ZGAZOWUJA\u0328CE DREWNO Jedn\u0105 z ofert jakie posiadamy jest pod\u0142\u0105czanie i konfiguracja kot\u0142\u00f3w zagazowuj\u0105cych drewno \u00a0oraz osprz\u0119tu, kt\u00f3ry pozwala by\u0107 \u015bwiadomym ekologicznie i samowystarczalnym. Nasz do\u015bwiadczony zesp\u00f3\u0142 pomo\u017ce Ci w ustaleniu jaki kocio\u0142 b\u0119dzie dla Twojego domu najlepszy. Pomo\u017cemy r\u00f3wnie\u017c w spe\u0142nieniu wszystkich wymaga\u0144 konserwacyjnych i dostarczymy instrukcje korzystania z systemu po jego zainstalowaniu. W [&hellip;]<\/p>\n","protected":false},"author":1,"featured_media":0,"parent":0,"menu_order":0,"comment_status":"closed","ping_status":"closed","template":"elementor_header_footer","meta":{"footnotes":""},"class_list":["post-40","page","type-page","status-publish","hentry"],"yoast_head":"<!-- This site is optimized with the Yoast SEO Premium plugin v19.2 (Yoast SEO v23.4) - https:\/\/yoast.com\/wordpress\/plugins\/seo\/ -->\n<title>KOT\u0141Y ZGAZOWUJA\u0328CE DREWNO - KTI<\/title>\n<meta name=\"robots\" content=\"index, follow, max-snippet:-1, max-image-preview:large, max-video-preview:-1\" \/>\n<link rel=\"canonical\" href=\"https:\/\/ktitechnikagrzewcza.com\/?page_id=40\" \/>\n<meta property=\"og:locale\" content=\"pl_PL\" \/>\n<meta property=\"og:type\" content=\"article\" \/>\n<meta property=\"og:title\" content=\"KOT\u0141Y ZGAZOWUJA\u0328CE DREWNO\" \/>\n<meta property=\"og:description\" content=\"KOT\u0141Y ZGAZOWUJA\u0328CE DREWNO Jedn\u0105 z ofert jakie posiadamy jest pod\u0142\u0105czanie i konfiguracja kot\u0142\u00f3w zagazowuj\u0105cych drewno \u00a0oraz osprz\u0119tu, kt\u00f3ry pozwala by\u0107 \u015bwiadomym ekologicznie i samowystarczalnym. Nasz do\u015bwiadczony zesp\u00f3\u0142 pomo\u017ce Ci w ustaleniu jaki kocio\u0142 b\u0119dzie dla Twojego domu najlepszy. Pomo\u017cemy r\u00f3wnie\u017c w spe\u0142nieniu wszystkich wymaga\u0144 konserwacyjnych i dostarczymy instrukcje korzystania z systemu po jego zainstalowaniu. W [&hellip;]\" \/>\n<meta property=\"og:url\" content=\"https:\/\/ktitechnikagrzewcza.com\/?page_id=40\" \/>\n<meta property=\"og:site_name\" content=\"KTI\" \/>\n<meta property=\"article:publisher\" content=\"http:\/\/www.facebook.com\/KTITechnikaGrzewcza\" \/>\n<meta property=\"article:modified_time\" content=\"2022-11-08T19:32:22+00:00\" \/>\n<meta property=\"og:image\" content=\"https:\/\/ktitechnikagrzewcza.com\/wp-content\/uploads\/2022\/11\/Screen-Shot-11-08-22-at-01.15-PM.png\" \/>\n<meta name=\"twitter:card\" content=\"summary_large_image\" \/>\n<meta name=\"twitter:label1\" content=\"Szacowany czas czytania\" \/>\n\t<meta name=\"twitter:data1\" content=\"1 minuta\" \/>\n<script type=\"application\/ld+json\" class=\"yoast-schema-graph\">{\"@context\":\"https:\/\/schema.org\",\"@graph\":[{\"@type\":\"WebPage\",\"@id\":\"https:\/\/ktitechnikagrzewcza.com\/?page_id=40\",\"url\":\"https:\/\/ktitechnikagrzewcza.com\/?page_id=40\",\"name\":\"KOT\u0141Y ZGAZOWUJA\u0328CE DREWNO - KTI\",\"isPartOf\":{\"@id\":\"https:\/\/ktitechnikagrzewcza.com\/#website\"},\"primaryImageOfPage\":{\"@id\":\"https:\/\/ktitechnikagrzewcza.com\/?page_id=40#primaryimage\"},\"image\":{\"@id\":\"https:\/\/ktitechnikagrzewcza.com\/?page_id=40#primaryimage\"},\"thumbnailUrl\":\"https:\/\/ktitechnikagrzewcza.com\/wp-content\/uploads\/2022\/11\/Screen-Shot-11-08-22-at-01.15-PM.png\",\"datePublished\":\"2022-10-29T19:46:50+00:00\",\"dateModified\":\"2022-11-08T19:32:22+00:00\",\"breadcrumb\":{\"@id\":\"https:\/\/ktitechnikagrzewcza.com\/?page_id=40#breadcrumb\"},\"inLanguage\":\"pl-PL\",\"potentialAction\":[{\"@type\":\"ReadAction\",\"target\":[\"https:\/\/ktitechnikagrzewcza.com\/?page_id=40\"]}]},{\"@type\":\"ImageObject\",\"inLanguage\":\"pl-PL\",\"@id\":\"https:\/\/ktitechnikagrzewcza.com\/?page_id=40#primaryimage\",\"url\":\"https:\/\/ktitechnikagrzewcza.com\/wp-content\/uploads\/2022\/11\/Screen-Shot-11-08-22-at-01.15-PM.png\",\"contentUrl\":\"https:\/\/ktitechnikagrzewcza.com\/wp-content\/uploads\/2022\/11\/Screen-Shot-11-08-22-at-01.15-PM.png\",\"width\":974,\"height\":780},{\"@type\":\"BreadcrumbList\",\"@id\":\"https:\/\/ktitechnikagrzewcza.com\/?page_id=40#breadcrumb\",\"itemListElement\":[{\"@type\":\"ListItem\",\"position\":1,\"name\":\"Strona g\u0142\u00f3wna\",\"item\":\"https:\/\/ktitechnikagrzewcza.com\/\"},{\"@type\":\"ListItem\",\"position\":2,\"name\":\"KOT\u0141Y ZGAZOWUJA\u0328CE DREWNO\"}]},{\"@type\":\"WebSite\",\"@id\":\"https:\/\/ktitechnikagrzewcza.com\/#website\",\"url\":\"https:\/\/ktitechnikagrzewcza.com\/\",\"name\":\"KTI\",\"description\":\"Technika Grzewcza\",\"publisher\":{\"@id\":\"https:\/\/ktitechnikagrzewcza.com\/#organization\"},\"potentialAction\":[{\"@type\":\"SearchAction\",\"target\":{\"@type\":\"EntryPoint\",\"urlTemplate\":\"https:\/\/ktitechnikagrzewcza.com\/?s={search_term_string}\"},\"query-input\":{\"@type\":\"PropertyValueSpecification\",\"valueRequired\":true,\"valueName\":\"search_term_string\"}}],\"inLanguage\":\"pl-PL\"},{\"@type\":\"Organization\",\"@id\":\"https:\/\/ktitechnikagrzewcza.com\/#organization\",\"name\":\"KTI Technika Grzewcza\",\"url\":\"https:\/\/ktitechnikagrzewcza.com\/\",\"logo\":{\"@type\":\"ImageObject\",\"inLanguage\":\"pl-PL\",\"@id\":\"https:\/\/ktitechnikagrzewcza.com\/#\/schema\/logo\/image\/\",\"url\":\"https:\/\/ktitechnikagrzewcza.com\/wp-content\/uploads\/2022\/10\/logo1.jpg\",\"contentUrl\":\"https:\/\/ktitechnikagrzewcza.com\/wp-content\/uploads\/2022\/10\/logo1.jpg\",\"width\":1896,\"height\":800,\"caption\":\"KTI Technika Grzewcza\"},\"image\":{\"@id\":\"https:\/\/ktitechnikagrzewcza.com\/#\/schema\/logo\/image\/\"},\"sameAs\":[\"http:\/\/www.facebook.com\/KTITechnikaGrzewcza\"]}]}<\/script>\n<!-- \/ Yoast SEO Premium plugin. -->","yoast_head_json":{"title":"KOT\u0141Y ZGAZOWUJA\u0328CE DREWNO - KTI","robots":{"index":"index","follow":"follow","max-snippet":"max-snippet:-1","max-image-preview":"max-image-preview:large","max-video-preview":"max-video-preview:-1"},"canonical":"https:\/\/ktitechnikagrzewcza.com\/?page_id=40","og_locale":"pl_PL","og_type":"article","og_title":"KOT\u0141Y ZGAZOWUJA\u0328CE DREWNO","og_description":"KOT\u0141Y ZGAZOWUJA\u0328CE DREWNO Jedn\u0105 z ofert jakie posiadamy jest pod\u0142\u0105czanie i konfiguracja kot\u0142\u00f3w zagazowuj\u0105cych drewno \u00a0oraz osprz\u0119tu, kt\u00f3ry pozwala by\u0107 \u015bwiadomym ekologicznie i samowystarczalnym. Nasz do\u015bwiadczony zesp\u00f3\u0142 pomo\u017ce Ci w ustaleniu jaki kocio\u0142 b\u0119dzie dla Twojego domu najlepszy. Pomo\u017cemy r\u00f3wnie\u017c w spe\u0142nieniu wszystkich wymaga\u0144 konserwacyjnych i dostarczymy instrukcje korzystania z systemu po jego zainstalowaniu. W [&hellip;]","og_url":"https:\/\/ktitechnikagrzewcza.com\/?page_id=40","og_site_name":"KTI","article_publisher":"http:\/\/www.facebook.com\/KTITechnikaGrzewcza","article_modified_time":"2022-11-08T19:32:22+00:00","og_image":[{"url":"https:\/\/ktitechnikagrzewcza.com\/wp-content\/uploads\/2022\/11\/Screen-Shot-11-08-22-at-01.15-PM.png"}],"twitter_card":"summary_large_image","twitter_misc":{"Szacowany czas czytania":"1 minuta"},"schema":{"@context":"https:\/\/schema.org","@graph":[{"@type":"WebPage","@id":"https:\/\/ktitechnikagrzewcza.com\/?page_id=40","url":"https:\/\/ktitechnikagrzewcza.com\/?page_id=40","name":"KOT\u0141Y ZGAZOWUJA\u0328CE DREWNO - KTI","isPartOf":{"@id":"https:\/\/ktitechnikagrzewcza.com\/#website"},"primaryImageOfPage":{"@id":"https:\/\/ktitechnikagrzewcza.com\/?page_id=40#primaryimage"},"image":{"@id":"https:\/\/ktitechnikagrzewcza.com\/?page_id=40#primaryimage"},"thumbnailUrl":"https:\/\/ktitechnikagrzewcza.com\/wp-content\/uploads\/2022\/11\/Screen-Shot-11-08-22-at-01.15-PM.png","datePublished":"2022-10-29T19:46:50+00:00","dateModified":"2022-11-08T19:32:22+00:00","breadcrumb":{"@id":"https:\/\/ktitechnikagrzewcza.com\/?page_id=40#breadcrumb"},"inLanguage":"pl-PL","potentialAction":[{"@type":"ReadAction","target":["https:\/\/ktitechnikagrzewcza.com\/?page_id=40"]}]},{"@type":"ImageObject","inLanguage":"pl-PL","@id":"https:\/\/ktitechnikagrzewcza.com\/?page_id=40#primaryimage","url":"https:\/\/ktitechnikagrzewcza.com\/wp-content\/uploads\/2022\/11\/Screen-Shot-11-08-22-at-01.15-PM.png","contentUrl":"https:\/\/ktitechnikagrzewcza.com\/wp-content\/uploads\/2022\/11\/Screen-Shot-11-08-22-at-01.15-PM.png","width":974,"height":780},{"@type":"BreadcrumbList","@id":"https:\/\/ktitechnikagrzewcza.com\/?page_id=40#breadcrumb","itemListElement":[{"@type":"ListItem","position":1,"name":"Strona g\u0142\u00f3wna","item":"https:\/\/ktitechnikagrzewcza.com\/"},{"@type":"ListItem","position":2,"name":"KOT\u0141Y ZGAZOWUJA\u0328CE DREWNO"}]},{"@type":"WebSite","@id":"https:\/\/ktitechnikagrzewcza.com\/#website","url":"https:\/\/ktitechnikagrzewcza.com\/","name":"KTI","description":"Technika Grzewcza","publisher":{"@id":"https:\/\/ktitechnikagrzewcza.com\/#organization"},"potentialAction":[{"@type":"SearchAction","target":{"@type":"EntryPoint","urlTemplate":"https:\/\/ktitechnikagrzewcza.com\/?s={search_term_string}"},"query-input":{"@type":"PropertyValueSpecification","valueRequired":true,"valueName":"search_term_string"}}],"inLanguage":"pl-PL"},{"@type":"Organization","@id":"https:\/\/ktitechnikagrzewcza.com\/#organization","name":"KTI Technika Grzewcza","url":"https:\/\/ktitechnikagrzewcza.com\/","logo":{"@type":"ImageObject","inLanguage":"pl-PL","@id":"https:\/\/ktitechnikagrzewcza.com\/#\/schema\/logo\/image\/","url":"https:\/\/ktitechnikagrzewcza.com\/wp-content\/uploads\/2022\/10\/logo1.jpg","contentUrl":"https:\/\/ktitechnikagrzewcza.com\/wp-content\/uploads\/2022\/10\/logo1.jpg","width":1896,"height":800,"caption":"KTI Technika Grzewcza"},"image":{"@id":"https:\/\/ktitechnikagrzewcza.com\/#\/schema\/logo\/image\/"},"sameAs":["http:\/\/www.facebook.com\/KTITechnikaGrzewcza"]}]}},"_links":{"self":[{"href":"https:\/\/ktitechnikagrzewcza.com\/index.php?rest_route=\/wp\/v2\/pages\/40","targetHints":{"allow":["GET"]}}],"collection":[{"href":"https:\/\/ktitechnikagrzewcza.com\/index.php?rest_route=\/wp\/v2\/pages"}],"about":[{"href":"https:\/\/ktitechnikagrzewcza.com\/index.php?rest_route=\/wp\/v2\/types\/page"}],"author":[{"embeddable":true,"href":"https:\/\/ktitechnikagrzewcza.com\/index.php?rest_route=\/wp\/v2\/users\/1"}],"replies":[{"embeddable":true,"href":"https:\/\/ktitechnikagrzewcza.com\/index.php?rest_route=%2Fwp%2Fv2%2Fcomments&post=40"}],"version-history":[{"count":26,"href":"https:\/\/ktitechnikagrzewcza.com\/index.php?rest_route=\/wp\/v2\/pages\/40\/revisions"}],"predecessor-version":[{"id":572,"href":"https:\/\/ktitechnikagrzewcza.com\/index.php?rest_route=\/wp\/v2\/pages\/40\/revisions\/572"}],"wp:attachment":[{"href":"https:\/\/ktitechnikagrzewcza.com\/index.php?rest_route=%2Fwp%2Fv2%2Fmedia&parent=40"}],"curies":[{"name":"wp","href":"https:\/\/api.w.org\/{rel}","templated":true}]}}